-4*q + h. Suppose -4*z - 2*x = -q - 70, z - 15 = -3*x. What are the prime factors of z?
3
Let l be (-6)/9 + 8/(-6). Let v be (-3)/l*(-12)/(-6). Suppose v*n - 36 = -4*g, 3*g + 3*n - 4*n - 14 = 0. List the prime factors of g.
2, 3
Let b(h) = h**2 - 6*h + 4. Let r be b(11). Let y = -15 + 13. What are the prime factors of (-1 - -6) + y + r?
2, 31
What are the prime factors of 7298/12 + 32/(-192)?
2, 19
Let p(o) be the first derivative of -o**3/3 + 12*o**2 - 20*o - 5. List the prime factors of p(16).
2, 3
Suppose 4*v = -12, -188 = 2*f - 4*v - 2724. List the prime factors of f.
2, 631
Suppose 5*v - 3*w - 4662 = 0, -10*v = -11*v + 2*w + 931. What are the prime factors of v?
3, 311
Suppose 4*z = z. Suppose -2*p - 3*p + 15 = z. Suppose -3 = -p*f - 18, 4*f - 105 = -5*h. List the prime factors of h.
5
Let k(n) = n**3 - 11*n**2 + 16*n - 10. Suppose j = 1 - 19. Let z = 28 + j. What are the prime factors of k(z)?
2, 5
Let u be (-108)/14 + 10/(-35). Let j be ((-2)/(-1))/((-3)/(-18)). Let f = j + u. What are the prime factors of f?
2
Suppose 25*q + 863 = 40838. What are the prime factors of q?
3, 13, 41
Let g = 4413 - 1437. Suppose 0 = 13*q + 3*q - g. What are the prime factors of q?
2, 3, 31
Let l = -144 - -1622. List the prime factors of l.
2, 739
Let o(x) = x**2 + 9*x - 41. Let n(w) = w**2 + 10*w - 42. Let m(p) = 3*n(p) - 4*o(p). List the prime factors of m(-7).
31
Let r(s) = 3*s**3 + 6 + 15 - 2*s**3 + 32*s**2 + 27*s. List the prime factors of r(-31).
5, 29
Let u(d) = 21*d - 98. What are the prime factors of u(13)?
5, 7
Let i(b) = -38*b + 113. List the prime factors of i(-33).
1367
Suppose -2*j = 4*v - 24, -2*j - 3*v = -j - 11. Let l = j + -17. What are the prime factors of 4/l*(-9)/6?
2
Let d(a) = 16*a + 31. Suppose -80 = -8*u - 2*u. What are the prime factors of d(u)?
3, 53
Let j = -23 + 15. Let x = j - -10. Suppose -k - 56 = -2*k - x*u, 4*k + 2*u = 218. What are the prime factors of k?
2, 3
Let l = -113 + 126. List the prime factors of l.
13
Let v = 193 + -196. Let j(m) = m + m + m**3 + 3*m**2 - 6*m - 5. List the prime factors of j(v).
7
Let p = 1160 + 2250. What are the prime factors of p?
2, 5, 11, 31
Suppose 4*q + 17 + 7 = 0. Let x = q - -5. Let c(a) = -29*a. What are the prime factors of c(x)?
29
Let f = 21 - 17. Suppose 0 = s + 5 - f, 7 = -4*g - 3*s. What are the prime factors of (g - 61)/(1 - 3)?
31
Suppose -18 + 4 = l + s, -4*s = -4. Let v = 31 + l. List the prime factors of v.
2
Suppose -4*r + 8838 = 5*r. List the prime factors of r.
2, 491
Let n(d) = 4*d - 33. Let g be n(9). Suppose -g*f = -3*s - 66, 2*s + 67 = -2*f + 5*f. What are the prime factors of f?
23
Let f(p) = 2*p**2 + 11*p + 11. Let o be f(-10). Suppose 0 = 4*z - q - 91, 4*z + q = -0*q + o. What are the prime factors of z?
2, 3
Let c(m) = -16*m**3 - 4*m**2 - 4*m + 2. What are the prime factors of c(-3)?
2, 5, 41
Let q(z) = z**2 + 5*z + 15. Let s(o) = -o**3 - 7*o**2 - 6*o + 2. Let h be s(-5). List the prime factors of q(h).
3, 83
List the prime factors of (-16)/(64/(-12)) - -1575.
2, 3, 263
Let f(s) be the third derivative of -s**6/120 - 3*s**5/20 + s**4/24 + s**3/2 - 3*s**2. List the prime factors of f(-10).
3, 31
Let q(l) = -8*l - 7. Let d = -1 + -4. Let n = 1 + d. What are the prime factors of q(n)?
5
Let f(z) = -z**3 - 5*z**2 + 4. Let o be f(-4). List the prime factors of (115 - o) + (-4)/1.
3, 41
Suppose -t - 2*t + 27 = -5*i, i = -4*t - 10. List the prime factors of (34/4)/(i/(-12)).
17
Let k be 1 + 1/(-1) + -7. Let c(g) = -3*g**3 + 2*g**3 + 2 - 7*g**2 - 5 - g. List the prime factors of c(k).
2
List the prime factors of 0 - (44/6)/(30/(-1845)).
11, 41
Suppose 5*f + 1417 = -j + 9338, 5*j = -4*f + 6320. List the prime factors of f.
5, 317
Suppose 328 = 7*v - 64. What are the prime factors of v?
2, 7
Suppose 70*q + 42083 = 126783. What are the prime factors of q?
2, 5, 11
Let a be 4 + (-64)/(-11) + 4/22. Let c be 1 + -1 + 3/(-1). Let k = c + a. What are the prime factors of k?
7
Let r be (9/(-12))/(6/(-16)). Suppose -r + 1 = -o, -2*o = -2*i + 90. List the prime factors of i.
2, 23
Suppose 1100 + 16 = 3*n. What are the prime factors of ((-6)/3)/((-6)/n)?
2, 31
Suppose 0 = 18*m - 639 - 4599. List the prime factors of m.
3, 97
Suppose -6413 = -5*v + c - 1424, 5*v - 4987 = 3*c. List the prime factors of v.
2, 499
Suppose 0 = 7*f - 2*f - 4*r - 36, -2*r - 22 = -3*f. Suppose 5*k - f*k = -183. What are the prime factors of k?
61
Suppose 0 = -9*w + 4020 + 1389. What are the prime factors of w?
601
Suppose -3 = f + 9. Let s = f + 10. List the prime factors of (1/s)/(1/(-26)).
13
Suppose 0 = 4*f - 2 - 6. Suppose 3*o - 29 = f*x, -x + 8 = -0*x + 3*o. Let h = x + 22. What are the prime factors of h?
3, 5
Suppose 130 = 5*m + 160. List the prime factors of (m + 6 + -1 + 5)*23.
2, 23
Suppose 5*l + 3*a = 9, 5*a = -3*l - 2*l + 5. Let m be (-1 + l)/(4 - 3). Suppose 0*p + 72 = m*p. List the prime factors of p.
2, 3
Let p(b) = -7*b**2 + 9*b + 1. Let n(w) = 4*w**2 - 5*w - 1. Let i(c) = -5*n(c) - 3*p(c). Let h be i(2). Let g = h - -2. List the prime factors of g.
2
Suppose 686 = 5*z - 559. Let u = z + -158. List the prime factors of u.
7, 13
Let i = -23 + 25. Suppose -h + 128 = -i*j, 4*j = 2*h + j - 251. What are the prime factors of h?
2, 59
Let m(l) = -6 + 11 - 5*l - 1 + 17*l. What are the prime factors of m(1)?
2
Suppose 65 = -2*w - 11*w. List the prime factors of ((-5)/(-2))/w + (-370)/(-20).
2, 3
Let c(d) = d**3 + 18*d + 4. List the prime factors of c(7).
11, 43
Suppose 10*m - 109 = 171. What are the prime factors of m?
2, 7
Let n = 402 - -512. List the prime factors of n.
2, 457
Let j = 31 + 70. Suppose 3*v - 97 = j. Let f = 110 - v. What are the prime factors of f?
2, 11
What are the prime factors of (2 - 5) + 1279 + -2 - 3?
31, 41
Let q = 1 - -3. Suppose -31 = -q*n + 1. Let u(b) = 2*b + 2. What are the prime factors of u(n)?
2, 3
Let b = 795 + 81. List the prime factors of b.
2, 3, 73
Let b(h) = -h**2 - 6*h + 19. Let n be b(5). What are the prime factors of (79/3)/(-4*1/n)?
3, 79
Suppose 4*h = g + 2*g + 234, -244 = -4*h - 2*g. List the prime factors of h.
2, 3, 5
Let x = 113 + 193. List the prime factors of x.
2, 3, 17
Suppose -4*d = -3*d - 104. Suppose f + 158 = -2*f + 4*q, 2*f - 4*q = -d. What are the prime factors of (20/(-12))/(3/f)?
2, 3, 5
Let b = -9 + 2. Let r = 88 - 128. Let k = b - r. What are the prime factors of k?
3, 11
Suppose -7*m + 6*m = -172. Suppose s + 188 = 4*g, -g - 3*g - 3*s = -m. List the prime factors of g.
2, 23
Let x = -1 - -1. Suppose x*u - u = 1. What are the prime factors of 17 + 0 + u + 3?
19
What are the prime factors of -2*454*3*(-20)/15?
2, 227
Let y(m) = -2*m**3 - 10*m**2 - 23*m - 27. List the prime factors of y(-6).
3, 61
Let k(t) = -t**3 - 2*t**2 + 2*t - 6. Let h be k(-5). Suppose 0 = z + o - 13, 2*z + 2*z - 3*o = h. List the prime factors of z.
2, 7
Suppose -w = -4*w + 186. Let q = w + -20. List the prime factors of q.
2, 3, 7
Let q be -3 + 0 + (0 - -6). Suppose -2*v + 48 = -2*o, -2*v + q*o + 2*o = -60. Suppose 60 = 3*s + 4*g, -4*s = -2*s - 4*g - v. List the prime factors of s.
2
Let a(i) = 41*i**2 - 65*i + 303. What are the prime factors of a(5)?
17, 59
Suppose -4*j + 3*m = 0, -4*j = -0*j + 2*m. Suppose -14*i - i + 1860 = j. List the prime factors of i.
2, 31
Let v(p) = -p**3 - 71*p**2 - 44*p + 55. What are the prime factors of v(-71)?
11, 17
Let x(b) = -b**2. Let p(o) = 2*o**2 - 4*o - 25. Let s(m) = -p(m) - 3*x(m). What are the prime factors of s(-9)?
2, 5, 7
Let a(z) = -597*z - 120. List the prime factors of a(-2).
2, 3, 179
Let s = -3121 + 4482. List the prime factors of s.
1361
Let y(n) = -46*n + 167. List the prime factors of y(0).
167
Suppose -10*k = -6*k - 8. Suppose 8*r = k*r + 570. What are the prime factors of r?
5, 19
Suppose 3*y + 0*y - 9 = 5*s, 0 = -5*s - y + 3. Let w be (s - 0)/(-6 - -4). Suppose w = c - 5. List the prime factors of c.
5
Let g be -3 + (-15)/(-3) + -2. Suppose g = 4*n + 19 + 57. List the prime factors of (-3 + n)/(-2 + 0).
11
Suppose -3738 = -97*w + 90*w. What are the prime factors of w?
2, 3, 89
Let n = 905 + -317. What are the prime factors of n?
2, 3, 7
Let a be 50 - 2*(-15)/(-10). Let q = a + 19. List the prime factors of q.
2, 3, 11
Let z = 76 - 74. Suppose z*w + 4 = 0, -w - 248 = -u + 4*w. What are the prime factors of u?
